is the value of 11 - (22 - (-20 + 44))?
13
Calculate 6 + -2 + -3 + 25 - (-14 - -3).
37
What is the value of -3 + (3 - (4 - 1))?
-3
What is the value of 1 - 4 - (2 - (27 + -26))?
-4
Calculate 8 + -8 + -2 - (10 + -4) - -7.
-1
Calculate 3 + -14 - (3 - 1) - (-8 + 11).
-16
(8 - -16) + -53 + 62
33
What is (13 - 25) + 14 + 5 + -3?
4
Evaluate -4 + 10 + -5 - (-19 - 14 - -20).
14
Evaluate 33 + -2 + -31 - (-21 + -4).
25
What is the value of 2 + (1 - (12 + -1)) + -46 + 61?
7
Calculate (48 - (20 + -7)) + -19.
16
Evaluate -27 - (3 + 1 - (6 - -5 - 0)).
-20
What is -4 + (-27 + 9 - -15)?
-7
Evaluate -3 + (2 - 9) + 8 + -4 + -1.
-7
What is -4 + -5 + 9 + -1?
-1
7 - 7 - 9 - (8 - (-5 - -35))
13
Calculate 11 - (16 + -23 + 1 + 10).
7
Calculate 8 - (-12 - (-2 - 8)).
10
Calculate 0 + -2 + 0 - (10 - -3 - 11).
-4
What is the value of 5 + 11 - (-3 - (10 + -12))?
17
What is -61 + 23 - -67 - 27?
2
What is (-4 + 9 - 12) + (-2 + 0 - -5)?
-4
(2 + -9 - 4) + (-8 - (11 - 20))
-10
Evaluate 19 + -40 + 21 + 26.
26
Calculate -4 - (17 + -2 + -8 - 13).
2
What is the value of 98 + -105 - (4 + 0)?
-11
What is the value of (-10 - (13 + -24)) + 4 - 1?
4
Evaluate -3 - ((-5 + -1 - -7) + 6 - 7).
-3
What is the value of -13 + ((0 - 3) + 11 + -1 - 6)?
-12
What is the value of -12 + 19 + 4 + -5?
6
Calculate (111 - 120) + 21 + (-2 - 0).
10
What is the value of -28 + (-11 - -22) + -1 + -11?
-29
Calculate -26 + 23 + -10 - -4.
-9
13 + (2 - 1) - (13 - (21 - 13))
9
Evaluate 2 - 2 - 5 - (-3 - 3).
1
Calculate (4 - -10) + -16 + 14.
12
What is the value of -6 - (-4 + 5 + -15)?
8
Evaluate (15 + 0 - (76 - 58)) + 0 + -12.
-15
12 + -1 + 221 + -223
9
Calculate 4 - (1 + -4 - (-4 + 15 + -11)).
7
Evaluate 22 - (-14 - -38) - (0 - -8).
-10
Evaluate 3 + (-5 - 9) + -17 + 17.
-11
What is the value of 5 + -44 + 17 - -16?
-6
What is the value of (1 - 0 - -6) + -3?
4
(-23 + 23 - (-2 - 4)) + (-2 - -2)
6
What is the value of (2 - 2 - -4 - (28 + -22)) + 6?
4
1 - (-3 - 1 - (8 - 1 - 13))
-1
Calculate -5 + -6 + (13 - 1).
1
-13 - ((10 - 5) + 7 + -41)
16
Evaluate 14 + 14 + -1 - 41.
-14
0 + (12 - 0 - 20) - -3
-5
Evaluate (-1 - -2) + 0 + (-19 - -23).
5
Evaluate -17 + 1 + 9 + -7.
-14
Evaluate (-10 - (-25 + (7 - -3))) + -8 + -19.
-22
-19 + 3 - -7 - (4 - -1)
-14
Calculate 11 + (35 - 47) + -3 + 5.
1
Calculate (16 - -1 - (9 + 1)) + -7.
0
What is (-15 - 1 - -1) + (39 - 20)?
4
Evaluate -9 + -1 - ((2 - 2) + (-138 - -133)).
-5
(0 - 10 - (-156 + 148)) + 4 - 31
-29
Evaluate (-65 - -84) + (2 - (8 + (-2 - -3))).
12
Calculate 401 - 392 - ((0 - -2) + 2 + -9).
14
What is the value of -61 - -59 - (-4 + 7)?
-5
What is the value of -6 - (-19 + 6 + (6 - (2 + 3)))?
6
5 + (12 - -7 - 10)
14
What is 11 + 14 + (-42 - -12)?
-5
8 - (-1 - -2) - (-14 - (-24 - -18))
15
Evaluate 10 - (-10 + (8 - 12 - -11)) - 0.
13
What is -1 + 2 - (42 + -41) - (-8 - -2)?
6
What is the value of -12 - 10 - -15 - -27?
20
What is (0 - -20) + (4 - 12) + -4?
8
Calculate -17 + 2 - (-604 + 608).
-19
What is the value of 3 - (-9 - (-15 + 17))?
14
What is 3 - (-31 - -43) - (-1 + -1)?
-7
What is 3 + (-16 + 50 - 44)?
-7
0 + 6 + -5 + (-19 - -9) + 6
-3
-6 + -26 + -21 + 25
-28
Calculate -19 + (-2 - -18) + -9 + 22.
10
Evaluate 1 + 47 - (475 + -450).
23
Evaluate (-17 - -55) + -17 + -9.
12
What is 6 - (18 - ((5 - 18) + 13))?
-12
Calculate 6 + 3 + 2 + -5 - (73 + -51).
-16
Calculate -8 + (3 - 5) + 0 + 6 + -4.
-8
What is 0 - (-21 + -5 + 10)?
16
Evaluate 2 - (7 - -7 - 9) - 5.
-8
What is the value of (-21 - ((-4 + 11 - 9) + -5)) + 3?
-11
What is the value of -9 + (2 - (1 - 1)) - (15 - 10)?
-12
(-26 - (2 + -1)) + 14 - (-1 - 5)
-7
Evaluate -84 - -33 - -15 - -13.
-23
What is the value of 1 - (-6 - (2 - 18))?
-9
What is -1 + -1 + (-116 - -151) + -12 + -2?
19
What is -17 + (0 + 0 - (51 + -48)) + -6?
-26
Evaluate (-19 - -1) + 27 + -19.
-10
Calculate 64 + -67 + (1 - -11) - -11.
20
Calculate (4 - 5) + 0 + 9.
8
16 - (9 + 26 + -18)
-1
What is the value of 2 + (-3 + -2 - (-9 + 5))?
1
What is 25 - 10 - (14 - 11)?
12
Evaluate -8 + (-9 - (-25 - (1 + -8))).
1
Evaluate (-31 - (7 - 10 - -1)) + 13.
-16
What is -35 + 34 + 29 + -5?
23
What is (-43 - -38) + 1 + 5 + (-7 - -21)?
15
What is (-26 - (36 + -46)) + (-3 - 2)?
-21
What is the value of -2 - (-16 + 1 + 8 + -1 + 2)?
4
Calculate (10 - -17) + -34 - 15.
-22
Calculate -1 + 17 + (-12 - -2).
6
8 + (-20 - (12 + -3))
-21
-2 + (25 - 12 - -29) + (-7 - 0)
33
Calculate 3 + -8 + -21 - (6 + -5 - 11).
-16
Evaluate 11 - (7 - ((-9 - -2) + -5) - -10).
-18
-17 + (6 - (-1 - -6) - -4)
-12
What is 55 - 57 - (5 + -20)?
13
What is the value of (-3 - -11) + -5 + 8 + (-3 - 5)?
3
-25 - (0 + -26 + 15 + 8)
-22
Evaluate 8 + (-172 - -171) + -1 + -2 + -1.
3
Evaluate 103 - 71 - (14 + 4).
14
23 + (-13 - 8) + -2 + 1
1
Evaluate (12 - 4 - (1 - -4)) + 11.
14
-5 + 5 - 2 - ((-1 - -12) + -9)
-4
What is 4 + -23 + 6 + (-30 - -25)?
-18
(-19 - (18 - 54)) + 9
26
Evaluate (-877 - -868) + (-3 - (-2 + 0)).
-10
Calculate -41 + (-39 - -37) + 21.
-22
-12 + -1 + 22 + -4 + -1
4
Evaluate -29 + -1 - (340 - 364).
-6
What is (10 - 18) + -9 + 26?
9
Evaluate -3 - (43 + -19 - (-6 + 2 + -3)).
-34
(6 - 2) + (-120 - -126)
10
What is -8 + 24 + (-6 - 9)?
1
What is (-66 - -57) + (-2 - -7) - 4?
-8
Calculate -33 + 96 + -25 + -17.
21
What is 21 + 19 - (-3 + (18 - -1))?
24
Calculate 1 - 21 - (39 - (-36 + 79)).
-16
Evaluate 51 + -23 - (-23 + 14 - (-4 - 0)).
33
Calculate -12 + (8 - 1) - -3.
-2
What is the value of 23 - (10 - -8) - ((-1 - -2) + 2)?
2
(1 + 1 - 0) + -8 + (10 - 17)
-13
What is 439 + -458 + (33 - 1)?
13
Calculate (-13 - -5) + -10 + 1 + 7.
-10
What is the value of 1 + -9 + 12 + -4 + -5 + 12?
7
-3 + (3 + 0 - 4) + -33 + 36
-1
Calculate 12 - 7 - (-6 + 7 - 8).
12
Calculate (-3 + (-5 - -2) - (-20 - -6)) + -27.
-19
Evaluate 12 + -32 - (-8 - 2).
-10
What is -557 + 590 - (2 - 0 - -3)?
28
Calculate 1 + 0 + 26 + (-5 - 0) + -1.
21
Evaluate 128 - 159 - (-4 + -56).
29
Evaluate -16 + (10 - (6 - 5) - 6).
-13
What is the value of 195 - 201 - (-2 + (0 + 0 - -4))?
-8
Calculate (9 - ((4 - 12 - -2) + 12)) + -9.
-6
Evaluate -25 + 38 + 19 - 8.
24
Evaluate (-71 + 64 - 3) + 1 + -2 + -2.
-13
What is the value of -3 + -23 + -19 + 45?
0
What is (5 - -3) + (47 - 61) + (1 - -21)?
16
What is the value of -13 - (-1 - 7 - (34 - 34))?
-5
Evaluate (-101 - -57) + (27 - 20).
-37
What is the value of 466 + -477 - (0 + -17)?
6
What is 51 - (4 + 12) - 7?
28
What is the value of 9 - (63 + -41 + 0 + 3)?
-16
What is the value of -43 + 15 + (29 - 13)?
-12
What is (-46 - -45) + (3 - -5 - -1)?
8
What is the value of -8 + -9 - (-3 - 0 - (39 + -42))?
-17
What is the value of -7 - -14 - (-14 + 52)?
-31
-17 + -7 + 2 + (47 - 46)
-21
Calculate -5 - (-24 - -31 - (3 + 0)).
-9
Evaluate 9 - -1 - (80 + -53).
-17
What is the value of 25 - (10 + 31 - 39)?
23
What is the value of (-10 - (-14 + 0 - 7)) + 8?
19
What is the value of 5 - (-1 + 24 - (16 + -6))?
-8
0 - 44 - (2104 + -2118)
-30
What is -48 - -51 - (4 + -1) - -8 - -16?
24
What is (-19 - (0 - 18)) + 0 + -7 + -2?
-10
What is the value of -36 + 33 + (0 - -10)?
7
-14 + (-2 + 14 - 9)
-11
What is the value of -1 + -1 + 6 + (31 - 30)?
5
What is the value of 4 + -3 + -30 + 2?
-27
What is (49 - 43) + 2 + 5?
13
What is the value of (1 - 4) + -1 - -5 - (-23 + 26)?
-2
-1 + 1 + -40 + 25 - -6
-9
What is 43 - 39 - (-6 + 4 + 16)?
-10
What is -10 + (10 - (-13 + 14))?
-1
-6 - (-11 + 11 - 16) - -3
13
What is 16 + (-76 - -27) - -13?
-20
Evaluate -15 - 2 - (-63 + 23 + 12).
11
Calculate -1 + (8 + -6 - 5 - -5) + -6.
-5
Calculate -2 + 2 - (17 + -56 - -12).
27
Evaluate -2 + (-36 - -18) - (-3 - -5).
-22
-4 - (2 - 3) - (1 + -18 - -10)
4
What is (2 - -1) + 7 + (-7 - -11 - 3)?
11
(-1 - (-4 + 5)) + 25 - 12
11
(-4 - 0) + (-108 - -115)
3
What is the value of 1 + -2 - (-42 - -47) - -5?
-1
Calculate (-11 - 4 - (-12 + 4)) + 18.
11
-20 + 21 + (0 - 6) + -1 + -2
-8
What is -16 - (31 + 6 + -79)?
26
What is (8 - -4) + 21 + 1 + -7?
27
Evaluate 1 + 0 + (-7 - -2 - -4).
0
What is the value of -2 - (1 - 9) - (-11 - (-1 + -14))?
2
Evaluate -14 + 24 - -5 - ((5 - 14) + -2).
26
What is (8 - (-6 + 18 + -14)) + -4?
6
Calculate (-8 - (4 - 5)) + (19 - 15) - -9.
6
(-7 - (-12 + 7)) + 1 + 3 - 5
-3
What is the value of 7 + (-13 - -7) + -12 + 0?
-11
What is the value of (7 - 11) + (14 - (30 - 14))?
-6
Calculate 0 - -4 - (1 + 5) - 0.
-2
What is the value of -22 + -7 + (-1 - -41)?